e 5*c + 3*z = 54, -c - 5*z + 5 - 3 = 0. Calculate the greatest common factor of c and d.
12
Let z(l) = l**3 - 22*l**2 + 40*l + 15. Let p be z(20). What is the highest common factor of 30 and p?
15
Suppose 3*g - 72 = 3*f, -3*f = -5*g + 83 + 41. What is the highest common factor of 13 and g?
13
Let w(d) = -d**3 + 8*d**2 - 5*d - 10. Let g be w(7). Let m be 96/(-60)*55/(-2). Calculate the highest common factor of m and g.
4
Suppose -5*k = -37 - 13. Suppose 350 = -5*l + k*l. Calculate the highest common divisor of l and 10.
10
Let y(d) = -d**2 - 12*d - 5. Let z be y(-9). Calculate the greatest common factor of z and 11.
11
Suppose 4*v + 188 = 5*m, 5*m - 3*v + v = 184. Calculate the greatest common divisor of 12 and m.
12
Let z be ((-120)/(-42))/(2/7). What is the highest common divisor of 70 and z?
10
Let s = 18 - 25. Let j(a) = -a. Let q be j(s). Let b(o) = -o**3 + 9*o**2 - 6*o + 5. Let v be b(6). Calculate the greatest common divisor of v and q.
7
Let g(a) = -a**3 + 4*a**2 + 5*a - 5. Let z be g(4). Calculate the highest common factor of z and 9.
3
Let n(s) = -s**2 + 4*s + 1. Let z = -5 - -8. Let b be n(z). Let c = -16 - -52. What is the highest common factor of c and b?
4
Let c be 2 - -33 - -1*3. Calculate the highest common factor of 57 and c.
19
Let l be 2094/14 - (0 + (-6)/14). What is the highest common divisor of 10 and l?
10
Let i(r) = -r**3 + 20*r**2 - 18*r + 17. Let n be i(19). Calculate the highest common factor of n and 12.
12
Let r(d) = 34*d + 3. Let i be r(3). Calculate the highest common factor of 15 and i.
15
Suppose -23 - 7 = -v. What is the highest common factor of v and 150?
30
Let f = 6 - -22. Calculate the highest common divisor of f and 112.
28
Let c = 16 - 8. What is the greatest common divisor of c and 40?
8
Let t = -35 + 47. Suppose 2*c = 5*c - 72. Calculate the greatest common factor of c and t.
12
Let w(g) = 24*g - 15. Let q be w(5). Calculate the greatest common divisor of 21 and q.
21
Let m(w) = 2*w**2 - 9*w + 18. Let o be m(8). Suppose -3*b - 18 = -4*t - 115, -o = -2*b - 2*t. What is the highest common factor of 5 and b?
5
Let w be (-3)/(-9) - (-9632)/(-6). Let r be (-1)/4 - w/(-12). Let p = r + 225. What is the highest common divisor of p and 13?
13
Let n be (-1610)/(-10) - 2/2. Calculate the highest common divisor of 16 and n.
16
Let t = -479 + 820. Calculate the greatest common factor of 31 and t.
31
Suppose 6*d = -d + 231. Calculate the greatest common divisor of d and 132.
33
Let m(h) = 2 - 2*h - 3*h + 6*h. Let t be m(-3). Let w be t*(-234 - -3)/3. What is the greatest common factor of 11 and w?
11
Let g = -12 - -13. Calculate the highest common divisor of g and 1.
1
Suppose 3*r - c - 583 = -93, 0 = -4*r - c + 644. Suppose -m - n = 3 - 16, 3*m + 2*n = 44. Calculate the highest common factor of r and m.
18
Let u(x) = 3*x**2 + 2*x + 1. Let t be u(2). Let v = -10 + t. What is the highest common factor of 63 and v?
7
Let t be (-4)/2 + (-4)/(-1). Let n be t + -13*(-3)/3. Calculate the greatest common factor of n and 105.
15
Suppose -5*z - 45 = -5. Let i = 15 + z. What is the greatest common divisor of i and 1?
1
Suppose 5*f - 65 = 5*l - 10*l, 0 = -3*l - f + 39. Calculate the greatest common factor of 143 and l.
13
Suppose -t = -3*d - 133, -3*t + 5 = 2*t. Let q = d - -74. What is the greatest common factor of q and 20?
10
Let n be (-38)/(-4) - 2/4. Let v be (150/n)/(1/3). Let q be (-6)/18 + (-122)/(-6). Calculate the greatest common divisor of v and q.
10
Let u(y) = y - 5. Let a be u(10). Let k(v) = 2*v**2 - 4*v - 2. Let m be k(a). What is the highest common divisor of 4 and m?
4
Let u(f) = f**2 - f + 7. Let p be u(5). Suppose 5*y - 2*n - 55 = 0, y + n - 2 - 2 = 0. Calculate the greatest common divisor of p and y.
9
Suppose -2*p = k + 3*p - 4, -4*p = 0. Suppose 994 = k*h + 418. Calculate the greatest common factor of 16 and h.
16
Suppose -8*g + 150 - 38 = 0. Calculate the greatest common factor of g and 70.
14
Suppose -175 = 4*y - 9*y. Suppose 0 = -5*h + 3*d - 7*d + y, -5*h - 5*d = -30. What is the highest common factor of 99 and h?
11
Let d be ((-8)/(-16))/(1/24). Suppose d = m + 2*m. What is the greatest common factor of 10 and m?
2
Let s be -3*(-6)/(-9) - -11. Suppose g - 215 = -2*g - m, -139 = -2*g - 5*m. Calculate the greatest common divisor of g and s.
9
Let y be ((-6)/(-4))/(9/48). Let i = 12 - y. Calculate the highest common divisor of i and 6.
2
Let x be (-2)/4*(-4)/1. Let a be 70/15 + (-1)/(-3). Let f be 87/5 - x/a. Calculate the highest common divisor of f and 17.
17
Let s be (4/2)/((-3)/(-180)). Let w = 39 - -21. Suppose 2*m - w = -3*m. Calculate the highest common factor of s and m.
12
Let a be ((-14)/21)/((-1)/54). Let g(x) = -13*x**3 - 2*x**2 - 2*x - 1. Let t be g(-1). What is the greatest common divisor of a and t?
12
Let w(q) = 3*q**2 + 3*q - 3. Let s be w(6). Suppose -293 - s = -4*y. Suppose n - j + 15 = 2*n, -n = -4*j - 5. Calculate the highest common divisor of n and y.
13
Let i = -4 + 2. Let t be -6*1/i*1. What is the greatest common factor of 3 and t?
3
Let w(u) = -u**2 + 5*u - 4. Let j be w(4). Suppose 2*o + o + 3 = j. Let a = o - -36. What is the greatest common divisor of a and 5?
5
Suppose 4*l + g + 22 = 0, 0*l = 2*l + 4*g + 4. Suppose f + f + 20 = 0. Let m be (45/f)/(l/8). Calculate the greatest common divisor of m and 6.
6
Let v(m) = -m**2 - 5*m. Let s be v(-5). Suppose s*p + 3*p = 51. Calculate the greatest common divisor of 68 and p.
17
Let w be ((-34)/(-6))/((-6)/(-72)). Let b(y) = -y**3 + 11*y**2 - 2*y - 12. Let t be b(7). What is the greatest common factor of t and w?
34
Let c be -7 + 3 + 218/2. What is the highest common factor of c and 21?
21
Let b = 314 - 217. Suppose 0 = 4*t + 41 - b. Let i be (-9 + -5)/(2/(-16)). Calculate the greatest common factor of i and t.
14
Suppose -16 = -0*k + 4*k, -5*g + 4 = -k. Let d = g - -4. Suppose -a = -d - 7. Calculate the greatest common divisor of 22 and a.
11
Suppose -3*c = 2*l - 7*l + 425, 0 = -3*l + 5*c + 239. What is the greatest common divisor of 8 and l?
8
Suppose 0 = 4*u - 4*i + 16 + 4, 2*u - 5*i = -25. Let y be 12 + u/(-3 - -2). What is the highest common divisor of y and 108?
12
Suppose 5*h - 329 = 2*b, -3*h = -b - 90 - 107. Let y(i) = i**3 + 7*i**2 - 10*i - 3. Let x be y(-8). Calculate the highest common divisor of h and x.
13
Let z be (72/(-10))/(15/(-50)). What is the greatest common factor of z and 12?
12
Let r = 0 - -10. Let y = 51 - 26. Calculate the greatest common factor of y and r.
5
Suppose 4*y + 749 = -219. Let k(c) = 450*c. Let v be k(-1). Let b = y - v. What is the highest common divisor of b and 26?
26
Suppose 3*d + 4*b - 40 = 0, 4*d - 3*b - b - 72 = 0. Let z = -79 + 22. Let f = z - -137. Calculate the highest common divisor of f and d.
16
Let f = 1 + -1. Suppose j - 1 - 1 = f. Let g be -12*1/((-1)/j). Calculate the greatest common factor of 3 and g.
3
Let u be -2 + 1 - 234/9. Let r = u + 43. Calculate the highest common divisor of r and 4.
4
Let a(q) = q**3 - q**2 - 3. Suppose 0 = 4*c + 3*w - 27, 3*w - 25 = -5*c + 5. Let m be a(c). Let f = 34 - 19. What is the greatest common divisor of f and m?
15
Suppose 10*u - 56 = 6*u. Calculate the highest common factor of u and 42.
14
Let u be ((-43)/(-5) - -3)/((-8)/(-20)). What is the highest common factor of 58 and u?
29
Let g = 11 + 0. Calculate the greatest common factor of 99 and g.
11
Suppose -s - 21 = -4*s. Let d be 61/s + (-8)/(-28). Calculate the highest common factor of 1 and d.
1
Let i = 84 - 76. Calculate the greatest common factor of 40 and i.
8
Suppose 2*q + t - 399 = 0, t - 3 = -0. What is the greatest common factor of 66 and q?
66
Suppose 1 = -5*t + 21. Let f(v) = v**2 + 5*v + 4. Let d be f(-7). Let c = 38 - d. What is the highest common divisor of c and t?
4
Suppose 2*v - 9 = -v, 2*p = 2*v + 6. Suppose 0 = -2*s - 7 + 19. Suppose 0 = s*t - 2*t - 8. What is the greatest common divisor of t and p?
2
Let c be (-47)/(-5) + 4/(-10). Suppose 2*o + 10 = 0, -5*t - 2*o = -332 + 27. Calculate the greatest common factor of t and c.
9
Let p be 4/(8/6) - -5. Let w(a) = a - 3. Let m be w(5). Calculate the greatest common factor of p and m.
2
Suppose -30 + 100 = 2*z. Suppose -9*b = 12*b - 294. Calculate the highest common factor of z and b.
7
Suppose 27 = 2*s + 3*j + 10, 2*s - 12